et w be (-2)/(-5) + (-12 - 4872/(-70)). Calculate the highest common factor of w and 2117.
29
Let f = 1201 - 1126. What is the highest common divisor of 480 and f?
15
Let r be 8/36 - 32/(-18). Suppose s + r*s = -2*f + 1209, 0 = -2*s - 3*f + 801. Suppose 6*i = i + s. Calculate the greatest common divisor of i and 54.
27
Suppose 0 = -183*v + 179*v + 32. Calculate the highest common divisor of 10 and v.
2
Let d = 1011 - 936. Calculate the greatest common factor of 30 and d.
15
Let c = -74 - -239. What is the greatest common divisor of c and 11?
11
Suppose 0 = 417*z - 411*z - 540. Calculate the highest common factor of 126 and z.
18
Let z(x) = x**3 + x + 1. Let m be z(-2). Let o = 27 + m. Let r = 54 + 72. What is the highest common divisor of o and r?
18
Let p = 315 - 189. What is the greatest common divisor of 168 and p?
42
Let s(b) = -5*b - 69. Let w be s(-16). Let l(r) = -r**3 + 14*r**2 - 16*r - 11. Let x be l(w). Calculate the highest common divisor of 22 and x.
22
Let s = -94 - -118. Let k = -89 + 173. Calculate the highest common factor of s and k.
12
Let k be (-15)/6*4/(-5). Suppose 0 = -4*b + k*b. Suppose b = -m + 6. What is the highest common divisor of 2 and m?
2
Suppose -2*g = -o - 2*o - 28, 4*g - 40 = -2*o. Let v(n) = n**3 + 3*n**2 + 99. Let y be v(0). Calculate the highest common factor of g and y.
11
Let a be (-14 + (1 - 1))*-4. Let g be ((-348)/10)/(18/(-135)). Let s = g + -121. Calculate the greatest common factor of a and s.
28
Let d = -843 + 572. Suppose 3*r + 356 + 169 = 0. Let b = r - d. Calculate the greatest common factor of 12 and b.
12
Suppose -4*y = 89 - 457. Let x = y - 4. What is the greatest common factor of 11 and x?
11
Suppose -36*l - 60 = -51*l. What is the greatest common divisor of l and 128?
4
Let w be 23 - ((-57)/(-6) + -6)*-2. Let v(u) = -u**2 + 8*u - 2. Let x be v(6). What is the greatest common factor of x and w?
10
Let i = -27 + 34. Suppose -6*a = -5*a - i. Let z be (11 - 12)*(-42 + 0). What is the highest common divisor of a and z?
7
Suppose 0 = -5*j + 15, -4*m - 2*j = -32 - 94. Calculate the greatest common divisor of m and 330.
30
Let z = -12 - -17. Suppose 0*k + 3*k + 3*y - 648 = 0, 5*y + 1120 = 5*k. Suppose -2*d - 2*d = -k. What is the greatest common divisor of d and z?
5
Let r = 21 + -31. Let f be 3/(75/r)*-15. Suppose -2*x - f = -16. What is the greatest common divisor of x and 20?
5
Suppose 6 = 3*k, 5*k - 7 = 2*x - 3. Let s be 6/(5 + 29/(-6)). Calculate the highest common divisor of x and s.
3
Let x = 284 - 203. Calculate the greatest common factor of 27 and x.
27
Let b(m) = -93*m**3 + 2*m**2 - 4*m - 3. Let a be b(-1). What is the greatest common factor of a and 1008?
48
Suppose 3*u - 750 = -2*u. What is the greatest common divisor of 6 and u?
6
Suppose 4*b - 1824 = -5*z + 2*b, -3*z - 4*b + 1100 = 0. Suppose w = -g + 92, w + 2*g = -3*w + z. Calculate the highest common divisor of 30 and w.
30
Let w be ((-2)/4)/((-14)/392). Let x = w + 14. Calculate the highest common divisor of 112 and x.
28
Let o be ((-1702)/(-184))/((-2)/(-104)). What is the highest common factor of o and 148?
37
Let g be -2 + (-88)/(-2) - -3. Suppose -2*t + 7 - 4 = -s, 13 = s + 2*t. What is the greatest common divisor of s and g?
5
Let s be (23 - -3) + (-6)/3. Let g = s - 21. What is the highest common divisor of g and 21?
3
Let o be (-4)/(-30) - 20553/(-765). What is the greatest common divisor of o and 432?
27
Suppose -28*q + 1848 = 5*q. Suppose 5 = -3*g + 29. Calculate the greatest common divisor of q and g.
8
Let p(j) = -22*j**3 - j**2 + 4*j - 2. Let x be p(1). Let q(v) = v**2 + 21*v + 10. Let s be q(x). What is the highest common divisor of s and 110?
10
Suppose -988 = -0*z - 19*z. Calculate the highest common factor of z and 78.
26
Let x = 8 + -9. Let p be 3*x/(-2)*6. Let m be ((-110)/(-9) - 3) + 8/(-36). What is the greatest common divisor of m and p?
9
Let o = 2370 - 1222. Calculate the greatest common factor of o and 28.
28
Let w = -32 + 17. Let m be (10/w)/((-4)/90). Let b be -3 + (-248)/(-4) + 1. Calculate the greatest common factor of b and m.
15
Let q(f) be the third derivative of 1/60*f**5 + 2*f**2 + 0 + 2*f**3 + 0*f - 1/3*f**4. Let w be q(7). Calculate the greatest common factor of w and 15.
5
Let c(v) = -v**2 + 13*v - 7. Let l be (48/(-64))/((-2)/24). Let o be c(l). What is the greatest common factor of o and 58?
29
Let i be 0/((-20)/(-5) - 3). Suppose i*r + 2*r - 96 = 0. What is the greatest common divisor of r and 3?
3
Let g(a) = -2*a - 7. Let f(j) = j**3 + 4*j**2 + 5*j + 2. Let d be f(-3). Let x be g(d). Let s = 19 - x. What is the greatest common divisor of s and 27?
9
Suppose -t = -4, 2*u + 2*t - 30 = u. What is the highest common factor of 55 and u?
11
Suppose 58 = 2*f - 5*s, -s = -f - 4*s + 18. Let k = 4 + f. Calculate the greatest common divisor of k and 14.
14
Let l(w) = 3*w**2 - 6*w - 36. Let n be l(9). Calculate the greatest common divisor of 68 and n.
17
Let r(z) = 18*z + 10. Let b be r(11). Let m = -1 + 5. Let x be 1/m + (-412)/(-16). What is the highest common factor of x and b?
26
Let y(l) = -3*l**3 - 95*l**2 + 32*l + 36. Let g be y(-32). Let u = -10 - -19. Calculate the highest common factor of g and u.
9
Let a be ((-22)/8)/((-12)/480). Let h(w) = -6*w - 68. Let v be h(-13). Calculate the greatest common factor of a and v.
10
Let l be 300/(-2550) + 206/17. Let j be (-2)/((-4)/54)*2. What is the highest common divisor of l and j?
6
Let k = 113 + -36. What is the greatest common factor of 33 and k?
11
Suppose 4*g + 2876 = -p, 5765 = -p - p + 5*g. Let f be p/(-162) - (-2)/9. What is the greatest common divisor of 54 and f?
18
Let h(n) = 10*n + 10. Let u be h(4). Calculate the highest common divisor of 450 and u.
50
Let s = 39 + -35. Suppose s*o = o + 24. Calculate the greatest common divisor of o and 40.
8
Suppose 0 = 3*d - 42 + 6. Suppose -2*c - d = -5*c. Suppose -c = -j - j. What is the highest common divisor of 22 and j?
2
Let q = 135 + -81. Suppose 2*m = 2, -2*s + 0*m + 35 = -m. What is the greatest common factor of q and s?
18
Suppose -5*a + 34 = -v - 2*v, 0 = -2*v - 6. Let c be a/1 - (-47 - -2). Calculate the highest common factor of 25 and c.
25
Let u = 12 + -10. Suppose -3*v + u*v = -2. Suppose v*g + 49 = 3*g + 3*y, 4*g = -5*y + 175. What is the highest common factor of 8 and g?
8
Let f = -533 + 541. What is the greatest common divisor of f and 46?
2
Suppose -9*j - j + 550 = 0. Suppose -23 = 2*z - j. What is the greatest common factor of z and 16?
16
Suppose -4*b + 4 = 0, -26*l + 27*l - 5*b - 1 = 0. Calculate the highest common factor of l and 330.
6
Suppose 0 = 5*c + 328 - 2448. Let f = c + -294. Calculate the greatest common divisor of f and 13.
13
Suppose -4*h + 54 = h - j, -4*h - j = -36. Suppose -2*a + 8 = w - 3*a, 5*a = -10. Suppose -3*m + 66 = w. Calculate the highest common divisor of h and m.
10
Let l = -65 - -29. Let g be 2364/54 + (-8)/l. Calculate the greatest common factor of g and 33.
11
Let y be ((-1320)/72)/((-2)/6). What is the highest common factor of 11 and y?
11
Suppose -5*z = 6*z - 6688. Calculate the greatest common divisor of z and 38.
38
Let d = -27 - -32. Suppose 4*g + 192 = 4*n, -5*g = d*n - 276 + 76. What is the greatest common factor of n and 4?
4
Suppose -t - 2*t + 94 = -w, 5*w = 25. What is the highest common divisor of 297 and t?
33
Let j(x) = -9*x + 186. Let v be j(19). Suppose 35 = 2*i - 5*b, i + 3 + 2 = -2*b. Calculate the greatest common factor of v and i.
5
Suppose -41*l + 319 = -91. Calculate the greatest common factor of 505 and l.
5
Suppose -o = h - 239, 39*o - 38*o + 1183 = 5*h. What is the greatest common factor of h and 316?
79
Let i = -40 - -85. Let b = 266 + -257. Calculate the highest common divisor of b and i.
9
Let w = 2478 - 1886. Calculate the highest common factor of 48 and w.
16
Let a = 45 - 26. Suppose -2*r = -2*l + l - 8, l - r + 12 = 0. Let h = a + l. What is the highest common divisor of 1 and h?
1
Suppose 0 = t + 4*t - 10. Let a(u) = -3 - 8*u + 4 + u**3 - 3 - 5*u**t + 0. Let b be a(7). Calculate the highest common divisor of 8 and b.
8
Suppose 4*u + 0*u - 50 = 2*x, u + 1 = 5*x. Suppose 0 = 5933*d - 5929*d - 60. Let n = d + u. Calculate the greatest common factor of 58 and n.
29
Suppose 0 = -v - 4*v + 180. Let w be (-31)/(-3) - (-2)/(-